 381 = -5*o - 61. What is the tens digit of o?
6
Suppose 36 + 152 = 4*p. What is the units digit of p?
7
Suppose 3*n + 12 = 3*b, 2*b = b + 5. What is the units digit of n?
1
Suppose 0 = -5*j - 5*l + 115, 4*l + 49 + 75 = 4*j. What is the units digit of j?
7
Let a(c) = 9*c - 14. Let u(l) = 19*l - 27. Let v(h) = 7*a(h) - 3*u(h). What is the units digit of v(7)?
5
Let m(z) = z**3 + z**2 + 4. Let w be m(0). Let g = w - 2. Suppose 0 = -g*y + 4*j + 30, -4*y - 21 = -5*y + 4*j. What is the units digit of y?
9
Let t(u) be the second derivative of u**4/6 - u**3/6 - u**2/2 - 3*u. Let k be t(-1). Let w(y) = y**2 + 2*y - 3. What is the units digit of w(k)?
5
Suppose 0*c = -c. Let r = c - -2. What is the units digit of r?
2
Let r be 3/(-2) + 70/4. Suppose 6 + r = 2*m. What is the tens digit of m?
1
Let t be (-4)/10 - (-24)/10. Suppose t*h + 2*h - 40 = 0. What is the tens digit of h?
1
Let q be ((-6)/(-7))/((-2)/(-28)). Suppose q = 4*g - 0*g. Suppose -o = -g, o + 5 = 3*c - 1. What is the units digit of c?
3
Let n(h) = h**2 + 5*h + 3. Let y be n(-3). What is the units digit of 2/(y - (-13)/4)?
8
Let f(m) = -4*m - 5. What is the units digit of f(-10)?
5
Suppose -c = -3, 3*m - c = m + 375. What is the tens digit of m?
8
Let s(m) = -m**3 - 9*m**2 - m - 6. Let h be s(-9). Suppose 0 = 5*q - q. Let f = q + h. What is the units digit of f?
3
What is the tens digit of (-7 + 11)/((-2)/(-19))?
3
Let y = 0 - -1. Let b(q) = 17*q**2 - q. Let h be b(y). Suppose -5*r = -5, 3*v = 4*v - 4*r - h. What is the tens digit of v?
2
Let j(n) = n**2 - 7*n - 5. What is the units digit of j(-6)?
3
Let d = -24 - -9. Let f be 3/d + (-16)/(-5). Suppose -4*k + 2 - 8 = -2*u, -f*k = 5*u - 15. What is the units digit of u?
3
Let v(z) = -z**2 - 8*z + 5. Let d be v(-7). Let w be ((-4)/(-6))/(d/(-126)). What is the units digit of (w/14)/(1/(-32))?
6
Let h(a) = 7*a + 2. What is the units digit of h(6)?
4
Let t(j) = -8*j + 43. What is the hundreds digit of t(-12)?
1
Let r = -19 - -33. Suppose z = -z + r. What is the units digit of z?
7
Let r = 42 - -22. What is the tens digit of r?
6
Suppose -2*j - 723 = 5*g, -4*j + 0*g + 4*g = 1404. What is the units digit of j/(-36) + 1/6?
0
Suppose 0 = -x + 3*f - 8*f + 13, -5*x = -5*f + 25. Let s = x - -5. Suppose 3*k - 12 - s = 0. What is the units digit of k?
5
Suppose 2*q - 9 = -1. What is the units digit of q?
4
Let z be 1 + (-3 - -4 - -1). Suppose 2*a = -r - 2, r - 32 = -z*r + 2*a. What is the units digit of r?
6
Let g = 4 + -8. Let k = 6 + g. What is the units digit of k?
2
Let c(l) = -l**2 - 7*l - 1. Let b be c(-6). Suppose 2*w + s = 8 - 27, -b*w + s = 30. Let m(v) = v**3 + 6*v**2 - 7*v + 5. What is the units digit of m(w)?
5
Suppose 0 = -c - 0*c + 8. Let x be (-12)/(-16)*(-1 + -7). Let f = x + c. What is the units digit of f?
2
Let v be -1 - -24 - (3 + -1). Let i = -14 + v. What is the units digit of i?
7
Suppose -4*s = x + 1 - 32, -43 = -3*x - 2*s. What is the tens digit of x?
1
Suppose 2*s + 487 = 5*v + 6*s, 505 = 5*v - 5*s. What is the tens digit of v?
9
Let i be 2 - ((-6)/2 + -40). Suppose i = 7*j - 2*j. What is the units digit of j?
9
What is the units digit of -3 + (0 - (-97)/1)?
4
Suppose -q = -z - 14 + 34, 3 = 3*q. Suppose -4*b + 4*r - 4 = -r, -4*b - 5*r + 36 = 0. Suppose -w - z = -b*w. What is the units digit of w?
7
Let q(x) = -x**2 + 3*x + 3. Let g be q(5). Let v(l) = -l**2 - 7*l + 5. Let y be v(g). Let u(r) = -r**3 + 5*r**2 + 3*r. What is the units digit of u(y)?
5
Let m = -23 - -45. What is the tens digit of m?
2
Let p(z) = 4*z**2 + 6*z + 10. Let x be p(6). Suppose -5*a - x = -10*a. What is the units digit of a?
8
Let r be (-4)/(-2)*(-2)/(-4). Suppose 5*b + 0*a - 3*a = 10, a = -2*b + 4. Suppose -b*v + v = -r. What is the units digit of v?
1
Suppose 3*o + 4*r - 108 = 0, -6 + 0 = 2*r. What is the units digit of o/(-6)*(-12)/8?
0
Let s be (-2)/(-4) + (-23)/(-2). Suppose -s = 2*g - 4*g. What is the units digit of g?
6
Let o(q) be the third derivative of q**5/30 - 3*q**4/8 + 5*q**3/3 + 5*q**2. What is the units digit of o(5)?
5
What is the units digit of (-3)/(1 - 0) - (-11 - -2)?
6
Let p(o) = 37*o + 1. What is the tens digit of p(2)?
7
Suppose 3*q - 3*n = -0*q - 9, -2*q + 19 = 3*n. What is the units digit of q?
2
Let v(i) = i**2 - i + 3. Let g be v(0). Suppose -g*c + 6 = -6*c. Let r(j) = 3*j**2 + 4*j + 3. What is the units digit of r(c)?
7
Let r = -10 + 4. Let i(l) = l**2 + 3*l - 8. What is the units digit of i(r)?
0
Suppose 2*j - 10 = 0, j - 142 = 5*u - 682. What is the units digit of u?
9
What is the tens digit of ((-1)/2)/((-8)/4816)?
0
Let y = 9 + -14. Let u(p) = -p + 1. What is the units digit of u(y)?
6
Suppose r - 7 = -4*k, 5*k - k = -3*r - 11. Let l(v) = -v + 5. What is the tens digit of l(r)?
1
Let a(x) = x**2 + 11. Let t be a(-7). Suppose 5*q + 60 = 5*o, 2*q = -3*o - 14 + t. What is the units digit of o?
4
Suppose 2*h + 0*h = -48. Let u be (h/(-10))/((-15)/(-50)). Let z = -5 + u. What is the units digit of z?
3
Let j be 60/(-8)*(-8)/10. Let r(g) = g - 1. Let h be r(j). Suppose -3*x + h*s = -34, 3*x + 6*s + 6 = 3*s. What is the units digit of x?
3
Suppose -4*x + 9 - 1 = 0. Let n be (-4)/8*(2 - x). Suppose n = 3*j + 1 - 31. What is the units digit of j?
0
Let o = -74 + 111. What is the tens digit of o?
3
Let n = 3 - 8. Let z = n - -3. What is the units digit of 0 - -2 - 0/z?
2
Let z be ((-8)/14)/((-8)/28). Suppose -3*u + 66 = -s, -4*s - z - 32 = -2*u. What is the tens digit of u?
2
Let t(y) = y**3 - 5*y**2 + 5*y - 2. Let k be (1 - -1)/((-1)/(-2)). Let s be t(k). Let p = 0 + s. What is the units digit of p?
2
Suppose 3*o + 2*o - 110 = 0. What is the units digit of o?
2
Let k be (-8140)/(-180) + (-4)/18. Suppose -l = -4*b + 8, l - 1 = b - 0. Suppose -2*v - 3*v = -l*a + 79, -3*v + k = 2*a. What is the units digit of a?
1
Let t = 3 - -12. Suppose -2*d - 3*d + t = 0. Suppose -6*k + k + 20 = -c, d*k + c = 4. What is the units digit of k?
3
Let b be ((-12)/(-10))/(2/(-10)). Let n = -4 - b. Suppose u = -n*u + 30. What is the units digit of u?
0
Let r(o) = 1 - 2 - 1 + o. What is the units digit of r(6)?
4
Suppose 3*z = 2*z + 2. Suppose -z*s + 90 = 3*s. What is the tens digit of s?
1
Let w be (-6*1 - -2) + 3. Let a = 5 - w. What is the units digit of a?
6
Let h be 304/72 + (-4)/18. What is the units digit of h + 0 + -2 + 0?
2
Let o = -39 - -45. What is the units digit of o?
6
Suppose q = 5, 3*q + 245 = -0*h + 5*h. What is the tens digit of h?
5
What is the units digit of ((-1)/2)/(4/(-424))?
3
Suppose d - 76 = -f, d + 167 = 3*d - f. What is the units digit of d?
1
Let g(n) = n - 5. Let y be g(11). Let l = 8 - y. What is the units digit of l?
2
Suppose -2*g = -5*g + 9. Suppose 2*s = 4*z - 4, 6 = -0*z - 4*z - g*s. Suppose m + 3 = p - z*m, 2*p - 12 = -4*m. What is the units digit of p?
4
Suppose 1 = 5*u - 9. Let s be 0 + (-3)/(3/u). What is the units digit of ((-1)/1)/(s/8)?
4
Let b(m) = -m**2 + 16*m - 25. What is the tens digit of b(12)?
2
Let k = -106 + 176. What is the tens digit of k?
7
Suppose -2*t = -2*b + 82, -b + t = 4*b - 205. What is the units digit of b?
1
Let m(g) = -g**3 - 6*g**2 - 7*g - 4. Let l be m(-5). Suppose -3*z + 3 = -l*z. What is the units digit of (z - 1) + (-2 - -8)?
4
Let f(w) be the second derivative of -w**6/360 - w**5/120 - w**4/12 + w. Let q(a) be the third derivative of f(a). What is the units digit of q(-2)?
3
Suppose -j - 8 = -0*j. What is the tens digit of (-1)/(4/j) - -16?
1
Suppose 12*q - 11*q = 208. What is the tens digit of q?
0
Suppose 3*h - 2*s + 38 = 0, -2*s + 35 = -5*h - 23. What is the units digit of 2*(-4)/8 - h?
9
Suppose 367 = 3*k + 4*a, 5*k + a - 1058 = -418. What is the units digit of k?
9
Suppose 4*l + o = 48, -l + 2*o - 4 = -25. Suppose 3 = 2*b - l. What is the units digit of b?
8
Let j(u) = u**2 + 8*u - 23. What is the units digit of j(13)?
0
Let i = 26 - 16. Suppose -z - 1 = -a - 4, 3*z - 4*a - i = 0. Suppose -3*h + z = -h. What is the units digit of h?
1
Let h = 113 - 71. What is the units digit of h?
2
Let l(i) = i**3 + 16*i**2 + 18*i + 68. What is the units digit of l(-13)?
1
Let u = -17 - -23. Let t(l) = -l**3 + 6*l**2 + 7*l - 3. What is the tens digit of t(u)?
3
Let h(j) = -j + 11. What is the units digit of h(8)?
3
Let n(x) be the third derivative of 5*x**4/24 - 3*x**3/2 - 6*x**2. What is 